
What is the units digit of 145846551?
1
What is the millions digit of 4424201?
4
What is the millions digit of 608803101?
8
What is the hundred millions digit of 1114013535?
1
What is the hundred thousands digit of 1300811368?
8
What is the ten millions digit of 48764285?
4
What is the thousands digit of 2227685190?
5
What is the thousands digit of 2465230388?
0
What is the thousands digit of 38351589?
1
What is the ten thousands digit of 447635419?
3
What is the tens digit of 277589711?
1
What is the tens digit of 634370735?
3
What is the hundred millions digit of 1148756307?
1
What is the hundred thousands digit of 5647144553?
1
What is the ten millions digit of 32473268?
3
What is the thousands digit of 1189605122?
5
What is the ten millions digit of 705554983?
0
What is the tens digit of 371759735?
3
What is the millions digit of 23950468?
3
What is the hundred thousands digit of 1055411441?
4
What is the tens digit of 82932507?
0
What is the thousands digit of 114211393?
1
What is the millions digit of 34055160?
4
What is the hundred thousands digit of 439364126?
3
What is the thousands digit of 947643643?
3
What is the hundreds digit of 36436038?
0
What is the thousands digit of 1460093982?
3
What is the ten millions digit of 135496801?
3
What is the hundred millions digit of 240002650?
2
What is the hundreds digit of 2013788430?
4
What is the thousands digit of 2252556614?
6
What is the hundred thousands digit of 661451710?
4
What is the units digit of 51918256?
6
What is the hundred millions digit of 1678515545?
6
What is the ten millions digit of 258097307?
5
What is the hundred thousands digit of 111711069?
7
What is the ten millions digit of 247751608?
4
What is the ten thousands digit of 117649560?
4
What is the hundred millions digit of 210970751?
2
What is the ten thousands digit of 22224304?
2
What is the tens digit of 47829699?
9
What is the ten thousands digit of 199738334?
3
What is the billions digit of 2071001743?
2
What is the tens digit of 869537639?
3
What is the ten thousands digit of 64114341?
1
What is the ten thousands digit of 2467955132?
5
What is the ten millions digit of 1134361790?
3
What is the millions digit of 1913531195?
3
What is the units digit of 33550027?
7
What is the hundreds digit of 415381359?
3
What is the units digit of 252633729?
9
What is the tens digit of 1826585682?
8
What is the ten millions digit of 30037658?
3
What is the ten millions digit of 120756963?
2
What is the millions digit of 23216005?
3
What is the millions digit of 2038188073?
8
What is the ten thousands digit of 2235012972?
1
What is the millions digit of 1694745684?
4
What is the millions digit of 25544419?
5
What is the ten millions digit of 35394180?
3
What is the ten millions digit of 235027990?
3
What is the units digit of 839434659?
9
What is the ten millions digit of 2565865570?
6
What is the units digit of 30607923?
3
What is the hundreds digit of 38024091?
0
What is the tens digit of 55362352?
5
What is the millions digit of 4146961008?
6
What is the ten millions digit of 601117270?
0
What is the hundred millions digit of 343195404?
3
What is the ten millions digit of 953429998?
5
What is the billions digit of 3083490309?
3
What is the millions digit of 244456565?
4
What is the tens digit of 3625335031?
3
What is the thousands digit of 390458761?
8
What is the millions digit of 25407363?
5
What is the hundred thousands digit of 5099031339?
0
What is the units digit of 387574401?
1
What is the hundreds digit of 7505543?
5
What is the hundred thousands digit of 61284326?
2
What is the hundreds digit of 53953729?
7
What is the hundred millions digit of 2232685253?
2
What is the ten millions digit of 693408444?
9
What is the ten millions digit of 1051074491?
5
What is the tens digit of 39752440?
4
What is the millions digit of 56350883?
6
What is the hundred thousands digit of 692181023?
1
What is the units digit of 136486261?
1
What is the hundreds digit of 616365447?
4
What is the hundred thousands digit of 5140169073?
1
What is the ten millions digit of 38578156?
3
What is the millions digit of 1041208762?
1
What is the millions digit of 297271270?
7
What is the thousands digit of 1767151214?
1
What is the thousands digit of 363757870?
7
What is the millions digit of 97308913?
7
What is the tens digit of 7588020543?
4
What is the tens digit of 45357462?
6
What is the ten millions digit of 706228979?
0
What is the hundreds digit of 23013085?
0
What is the millions digit of 461078954?
1
What is the ten thousands digit of 102904977?
0
What is the billions digit of 2909809652?
2
What is the units digit of 66929071?
1
What is the tens digit of 163806813?
1
What is the millions digit of 61745384?
1
What is the millions digit of 181153736?
1
What is the thousands digit of 540514526?
4
What is the ten millions digit of 426725718?
2
What is the tens digit of 89885711?
1
What is the tens digit of 108478926?
2
What is the millions digit of 16256549?
6
What is the ten millions digit of 79364483?
7
What is the millions digit of 519103975?
9
What is the hundreds digit of 118486791?
7
What is the tens digit of 159520205?
0
What is the hundred thousands digit of 59837621?
8
What is the tens digit of 41073469?
6
What is the hundred thousands digit of 160388191?
3
What is the thousands digit of 71908853?
8
What is the hundreds digit of 119558130?
1
What is the hundred thousands digit of 73179864?
1
What is the units digit of 184113481?
1
What is the units digit of 355831385?
5
What is the hundred millions digit of 2517793875?
5
What is the hundred thousands digit of 322722636?
7
What is the hundred thousands digit of 535991631?
9
What is the millions digit of 24952019?
4
What is the billions digit of 2143713301?
2
What is the thousands digit of 976487587?
7
What is the units digit of 1444193099?
9
What is the hundred thousands digit of 96481740?
4
What is the hundred thousands digit of 8015008199?
0
What is the hundred thousands digit of 3980568958?
5
What is the tens digit of 266505273?
7
What is the ten thousands digit of 64319059?
1
What is the millions digit of 397907165?
7
What is the millions digit of 128731741?
8
What is the hundreds digit of 2843805935?
9
What is the ten thousands digit of 18372946?
7
What is the tens digit of 629282007?
0
What is the ten millions digit of 56485864?
5
What is the hundreds digit of 110807298?
2
What is the ten millions digit of 366927361?
6
What is the ten thousands digit of 35687959?
8
What is the ten thousands digit of 2971409073?
0
What is the ten thousands digit of 412874615?
7
What is the thousands digit of 196809865?
9
What is the hundred thousands digit of 155700331?
7
What is the thousands digit of 797870216?
0
What is the hundred thousands digit of 146655600?
6
What is the tens digit of 121668920?
2
What is the hundred thousands digit of 234195570?
1
What is the thousands digit of 38969601?
9
What is the ten millions digit of 2863072854?
6
What is the units digit of 2119718?
8
What is the thousands digit of 476416567?
6
What is the ten millions digit of 116087932?
1
What is the units digit of 141351548?
8
What is the ten thousands digit of 1545559657?
5
What is the hundred millions digit of 5196561116?
1
What is the thousands digit of 207980096?
0
What is the ten thousands digit of 235857026?
5
What is the ten millions digit of 3260559092?
6
What is the hundred thousands digit of 1895854788?
8
What is the hundreds digit of 153266122?
1
What is the ten millions digit of 169701371?
6
What is the ten thousands digit of 1317746754?
4
What is the hundred millions digit of 121596082?
1
What is the tens digit of 31678494?
9
What is the thousands digit of 477139001?
9
What is the millions digit of 63333941?
3
What is the tens digit of 215354198?
9
What is the ten millions digit of 436585537?
3
What is the millions digit of 875369842?
5
What is the ten millions digit of 29693651?
2
What is the billions digit of 1323928031?
1
What is the hundred thousands digit of 125156291?
1
What is the tens digit of 1506669332?
3
What is the millions digit of 2070613?
2
What is the units digit of 8455560?
0
What is the hundred thousands digit of 1303189737?
1
What is the units digit of 318584091?
1
What is 